0 is divided by a.
25
Let t(r) = 2*r**3 - 11*r**2 + 11*r - 2. Calculate the remainder when t(5) is divided by ((-42)/12 - -3)*-30.
13
Let s(j) = j**2 + 14*j - 6. Suppose 3*o + 38 + 17 = a, -5*o - 295 = -5*a. Let i = a + -35. What is the remainder when i is divided by s(-15)?
8
Let y = 90 + -35. Suppose 3*j + 5*o - 7*o - 102 = 0, 2*j = -3*o + y. What is the remainder when j is divided by 13?
6
Let i be 3/18 + (-4018)/(-12). Calculate the remainder when 59 is divided by i/15 + 8 - (-1)/(-3).
29
Suppose -11*h + 1456 = 15*h. Suppose 2*c - 8 = 4*j, -16 = c - 2*c - 2*j. What is the remainder when h is divided by c?
6
Let i(t) = -t**3 + 2*t**2 - t - 3. Let q be i(-1). Let z be (4/(-1) + 4)*q. What is the remainder when 5 - ((3 - 17) + z) is divided by 10?
9
Let g be 38/5 - (-50)/125. Calculate the remainder when 1737/72 + (-1)/g is divided by (-8)/60 - 107/(-15).
3
Let n = -7 - -38. Suppose 5*o = 4*r - n, -r + 5 = -o - 2. Suppose -4*p + r*f = -500, 3*p - f + 119 = 4*p. Calculate the remainder when p is divided by 25.
22
Let z be ((-36)/(-21) + -2)*(11 + -25). Suppose 2*t - 113 = -5*y, 5*t + 1 + z = 0. Calculate the remainder when 228 is divided by y.
21
Suppose 43*g - 5170 = 2269. Calculate the remainder when g is divided by 33.
8
Suppose -22012 + 21850 = -18*h. Calculate the remainder when 1320 is divided by h.
6
Let y(j) = 8*j**2 - 150*j - 610. Calculate the remainder when y(-4) is divided by ((-100)/15)/(1/(-3)).
18
Let n be 736 + 1 + (-10)/(-10). Let m = -361 + n. Calculate the remainder when m is divided by 76.
73
Let b = 8573 + -8563. Suppose 0 = 4*y - 4*j - 408, 0 = -y - 0*j - 2*j + 111. Calculate the remainder when y is divided by b.
5
Let p be (-630)/((-4)/((-56)/(-21))). Let w = p + -273. Calculate the remainder when w is divided by 52.
43
Suppose -11328 = -67*u + 83*u. Let s = u - -727. What is the remainder when 168 is divided by s?
16
Let o = -1567 + 1632. Calculate the remainder when o is divided by (-5)/3*-3*5.
15
Suppose 34*g = 7296 + 62676. Calculate the remainder when g is divided by 10.
8
Suppose 0 = 4*g - 4*q - 12, 5*g + 5*q = 4*g + 21. Let m(n) = 3*n**2 - n + 1. Let z be 9/3*(-4)/(-6). Calculate the remainder when m(z) is divided by g.
5
Suppose -a + 10 = -29. Suppose 3*z = -5*v - 1560, 0*v + 2*z + 936 = -3*v. Let b = v + 326. What is the remainder when a is divided by b?
11
Let w(k) = 890*k + 25. Let q be w(-3). What is the remainder when 3 + 15/(-6) - q/10 is divided by 67?
64
Let s(c) = -5*c**2 + 8*c + 92. Calculate the remainder when 10 is divided by s(5).
3
Suppose -2*t + 59 = 3*k, -4*t + t = -2*k - 69. What is the remainder when -786*(21 + (-2535)/117) is divided by t?
24
Suppose 1738 = 39*i + 9*i - 710. What is the remainder when i is divided by 39?
12
Let p(s) = 44*s + 450. Suppose t + 6 = 4*t. Calculate the remainder when p(-8) is divided by (-78)/(-4) - (-1)/t.
18
Suppose -142*l + 139*l - 5*a = -975, -60 = -5*a. Suppose x = -3*d + 8, x - 5 + 0 = -4*d. What is the remainder when l is divided by x?
16
Let k(s) = 4*s + 3. Let l be k(0). Suppose v - 10 = 3*c + 44, 3*v + l*c - 162 = 0. What is the remainder when (128/10)/(26/325) is divided by v?
52
Let r(w) = 6*w**2 + 2*w - w**2 + 4 - 2*w**2 + w. Calculate the remainder when r(3) is divided by 80/50 - ((-168)/20 + -6).
8
Suppose -23 - 65 = -4*q. Let y(n) = -23*n + 18. Let d be y(-6). Let k = d + -91. What is the remainder when k is divided by q?
21
Suppose 1522 = 32*p + 1090 - 4144. Let q be ((-4)/(-1))/(1 - 0). Calculate the remainder when p is divided by (-55)/(-2) - (-6)/q.
27
Calculate the remainder when ((-1224)/1632)/((-2)/3256) is divided by 26.
25
Let a be ((-3)/(-4 - -1))/(-1). Let c be (0 + (-3)/9)/(a/9). Calculate the remainder when 62 is divided by -2 + 19 - (-2 + c).
14
Let d = 4409 + -4305. Let w(r) = r + 4. Let f be w(0). What is the remainder when d is divided by 6/(1/18*f)?
23
Let y be ((-12)/21)/((-24)/252). Suppose 3*w + 4*j = 829, 3*w - 827 = -y*j + j. What is the remainder when w is divided by 56?
55
Let w(b) = 3*b**3 + 103*b**2 + 33*b + 67. Calculate the remainder when 1609 is divided by w(-34).
94
Suppose -z - 4*y = 329, 0*z + 3*z = 3*y - 1047. Let k = 521 + z. Calculate the remainder when k is divided by 93.
83
Let l(b) be the third derivative of 5*b**4/12 - 7*b**3/2 - 126*b**2. Calculate the remainder when 225 is divided by l(5).
22
Let t = 812 + -292. What is the remainder when 166 is divided by t/12 + (-3)/9?
37
Let f = -93 + 47. Suppose 5*u = 4*v - 205, 3*u = -4*v - 113 + 342. Let s = f + v. What is the remainder when 25 is divided by s?
7
Suppose 0 = j - 352*t + 354*t - 6243, -18 = -3*t. Calculate the remainder when j is divided by 2075.
6
Let p(q) = -6*q - 1. Let j be p(1). Let n = j - -12. Calculate the remainder when n is divided by (-13)/((-195)/40) - (-1 + 1/(-3)).
1
Suppose 0 = -b - 1552 + 1665. Calculate the remainder when b is divided by (-2)/2*(12 + -41).
26
Suppose 2*l + 198 = 5*l - 2*r, -3*r - 127 = -2*l. What is the remainder when 565 is divided by l?
21
Let h = 204 + -199. Calculate the remainder when 84 is divided by 34*(-22)/(-55)*h/4.
16
Let d = 329 - 309. Suppose -90 = -3*a - x, 7*a - 6*a - d = 3*x. Calculate the remainder when 345 is divided by a.
26
Suppose -74 = -h + 9. Suppose -2*p = 2*o - 90, -23*o + 225 = -18*o - 4*p. Calculate the remainder when h is divided by o.
38
Let v(x) = 1 + 3*x**2 - 16*x**2 + 10*x**2 + 18*x**2 + x. Let t = 51 + -52. What is the remainder when v(t) is divided by 3?
0
Let c = -37 - -10. Suppose -5*j + 0*j + 200 = -2*t, -2*t + 160 = 4*j. Let m = j + c. Calculate the remainder when 25 is divided by m.
12
Suppose -2*y - 4*o + 4 = 0, 2*y - 1 = -o + 3. Suppose -6 = 4*r - y, 0 = -w - 3*r + 8. Calculate the remainder when 33 is divided by w.
0
Let b be 1/(-2)*108/81*-3. Suppose 3*v + 15 = l + b*v, -l + 4*v = -18. Calculate the remainder when 54 is divided by l.
12
Let v(s) = -s**3 + 22*s**2 + s - 13. Let m be 27 + -7 - (0 - 2/1). Let r(q) = -q**3 - 38*q**2 - 72*q + 16. What is the remainder when r(-36) is divided by v(m)?
7
Suppose 3*h - 7 = 3*q + 20, -2*q = -4*h + 32. Suppose 22*r = 20*r + 198. Calculate the remainder when r + 1 - (3 - h) is divided by 28.
20
Let p = 309 + -84. Suppose 4*v - p = v. Calculate the remainder when v is divided by 23 - ((-60)/50)/((-6)/15).
15
Let n be 7*(-5)/(-70)*4. Suppose 5*v = 0, n*v + 16 = 2*y + 6*v. Calculate the remainder when 18 is divided by y.
2
Let p(q) = -72*q - 1. Let f be (-4)/(-10)*(-8 + 3). Suppose -172 = -3*u - 15*u + 180 + 80. Calculate the remainder when p(f) is divided by u.
23
Suppose -30*i + 19568 = 12098. What is the remainder when 1739 is divided by i?
245
Let h = -84 + 84. Suppose h = -f - l + 6, 10 = -2*l - 0*l. What is the remainder when f is divided by (0 - (-3)/(-9))*-15?
1
Suppose -3*x - 15*x + 1360 = 2*x. Calculate the remainder when 1970 is divided by x.
66
Let k = -252 - -437. Suppose -5*b = 3*o - 128 - 131, 2*b + 8 = 0. What is the remainder when k is divided by o?
92
Let a(d) = d**2 - 51*d + 630. Calculate the remainder when a(14) is divided by 25.
12
Suppose 2*u = 4*f + 648, -4*u + 3*f + 686 = -605. Calculate the remainder when u is divided by 54.
52
Suppose -w + 3*s + 9 = 5, 0 = 3*w + 5*s + 30. Let b(p) = -42*p - 169. What is the remainder when b(w) is divided by 32?
9
Suppose 0 = 3*i - 5*l + 57, -4*l = 2*i - 0 + 16. Let r(q) = -2224*q**3 - 2 + 2225*q**3 - 5 + 14*q**2 - 4*q. What is the remainder when r(i) is divided by 13?
10
Let h be -1*1*(-25 + 0 + 6). Let d = -18 + h. Suppose -2*b + i + i = -12, -i = -d. Calculate the remainder when 46 is divided by b.
4
Let i(b) be the second derivative of -b**5/10 - b**4/4 + b**3 + 5*b**2/2 - 254*b. Calculate the remainder when 55 is divided by i(-3).
13
Let d = 54188 + -54170. Suppose -5*u + 231 = -4*p, 0 = 3*u + 3*p - 106 - 38. What is the remainder when u is divided by d?
11
Let u = -11769 - -11846. Calculate the remainder when 1162 is divided by u.
7
Calculate the remainder when (3 - 2)/1*7 - (-8535 - 30) is divided by 35.
32
Calculate the remainder when 258 is divided by (-9 - 4) + (-1014)/(-39).
11
Suppose 0 = 15*n + 6388 - 8293. Calculate the remainder when n is divided by 13.
10
Suppose 5*g + 3*k = 1 - 13, 8 = g - 2*k. Suppose g = -8*h + 1031 - 215. Calculate the remainder when h is divi